e 12, what is 3 - -b85b546?
b85b549
In base 14, what is 1 - b44007?
-b44006
In base 15, what is -268 - -7a3c4?
7a15b
In base 5, what is -3220022 + -21?
-3220043
In base 3, what is 20011020 + 2212001?
100000021
In base 13, what is -1 + -6401cc?
-640200
In base 3, what is 111012220220 - -20122?
111020011112
In base 2, what is -101011001010100 - 10001111100011?
-111101000110111
In base 6, what is -110211341 + 215?
-110211122
In base 12, what is -5 - 89779?
-89782
In base 8, what is 125 + -4055003?
-4054656
In base 10, what is -15 + -11076656?
-11076671
In base 12, what is 7a8b47 - -3?
7a8b4a
In base 5, what is -1143320424 + 34?
-1143320340
In base 14, what is -79 - -cd50c?
cd473
In base 4, what is 112112 + -2110010?
-1331232
In base 12, what is 32a2b + -2a?
32a01
In base 7, what is 3 - 51342605?
-51342602
In base 3, what is -100210021111102111 + -100?
-100210021111102211
In base 5, what is -222434 + 114314?
-103120
In base 12, what is -1811 - -8884?
7073
In base 9, what is 14 + 30687550?
30687564
In base 15, what is -ac + 4ed81?
4ecc4
In base 11, what is 538 + 1383?
1910
In base 3, what is 1021210 + 12121021102?
12122120012
In base 12, what is 701a + -322?
68b8
In base 8, what is -1 + 366376316?
366376315
In base 2, what is -100000011101011101010 - -10010111001?
-100000011011000110001
In base 11, what is a558424 - -42?
a558466
In base 9, what is 3300 - 5620?
-2320
In base 10, what is -16862270 + -5?
-16862275
In base 8, what is -130437342 + -1?
-130437343
In base 16, what is -1e4 + 6673?
648f
In base 11, what is 9937784 + -5?
993777a
In base 14, what is 88701 + 689?
88d8a
In base 8, what is 5534600 - -1?
5534601
In base 4, what is 22323 - -1003213300?
1003302223
In base 10, what is -2996 + 12086?
9090
In base 12, what is -132387 - 1217?
-1335a2
In base 10, what is -3 + 971491?
971488
In base 4, what is -33122 - 2122131?
-2221313
In base 2, what is 101001100000 + -11011000000100?
-10101110100100
In base 5, what is 22132 + -3100324?
-3023142
In base 10, what is -320481 - 348?
-320829
In base 16, what is 1bab22 - 3?
1bab1f
In base 5, what is 232104 - -2132?
234241
In base 6, what is 233 - 11425331?
-11425054
In base 2, what is 11011100100100001 + -1101011?
11011100010110110
In base 14, what is 15747d - a47?
156836
In base 13, what is -3 + -381442?
-381445
In base 5, what is -122 + 233410210?
233410033
In base 5, what is -102334240 + 32?
-102334203
In base 16, what is -190 - 34f5ee?
-34f77e
In base 8, what is -2 + -122646070?
-122646072
In base 8, what is -20 + -1000560?
-1000600
In base 9, what is -411546027 - 2?
-411546030
In base 7, what is 6106103 - -12?
6106115
In base 14, what is 16 + 149921?
149937
In base 16, what is -12 - 73c566?
-73c578
In base 10, what is 583450 - 2?
583448
In base 4, what is 3221213221322 - -2?
3221213221330
In base 12, what is -932 - 496ab?
-4a421
In base 14, what is 280d3d3 + 12?
280d405
In base 15, what is -75a3 - -c23?
-6880
In base 9, what is 535837450 - 4?
535837445
In base 13, what is -9 - 1649733?
-164973c
In base 11, what is 14 + -1387773?
-138775a
In base 9, what is -4 - 10516667?
-10516672
In base 4, what is 1 - -13220133?
13220200
In base 13, what is 1454 + 6381?
7805
In base 11, what is 55 + -2998092?
-2998038
In base 3, what is 11221201012212 - -10212?
11221201100201
In base 7, what is -5 - -40364026?
40364021
In base 6, what is 522552 + 52?
523044
In base 10, what is 3061 - -134697?
137758
In base 13, what is 188a - 38?
1852
In base 5, what is -21034342 - -13?
-21034324
In base 15, what is 270ad - 2e6?
26cb7
In base 6, what is 443 - -500135?
501022
In base 12, what is 5185885b + 1?
51858860
In base 5, what is -2142132 + 321?
-2141311
In base 10, what is -368494 + 29?
-368465
In base 16, what is 85ac + -270?
833c
In base 7, what is 0 - -1124402660?
1124402660
In base 12, what is 15427 - -19a3?
1720a
In base 12, what is 286b2184 + 0?
286b2184
In base 11, what is 78775208 + -5?
78775203
In base 16, what is -419838 - -1?
-419837
In base 3, what is 22211100 - 1220110?
20220220
In base 5, what is -331403 + -300?
-332203
In base 2, what is 1111000110000 + 1101000110?
10000101110110
In base 3, what is 220100222 - 2102121?
210221101
In base 4, what is -3 - -1102013021033?
1102013021030
In base 8, what is 14 + 104515031?
104515045
In base 13, what is 10155a9 + 1?
10155aa
In base 2, what is -1000101 + 111111101001001001?
111111101000000100
In base 13, what is -a48 - -10cb?
383
In base 11, what is 6016 + 800?
6816
In base 15, what is -7a05 + 64c?
-73a8
In base 2, what is 1100 - 11001101000010110101101?
-11001101000010110100001
In base 13, what is 24aa3 + -8a5?
241cb
In base 3, what is -2 - 22120201011111122?
-22120201011111201
In base 12, what is 0 - 7a18579?
-7a18579
In base 8, what is -1334 - -36013?
34457
In base 6, what is 100355 - 505003?
-404204
In base 5, what is 4 - -240100333?
240100342
In base 6, what is 3345311 - 13?
3345254
In base 3, what is 21 + 221120100101020?
221120100101111
In base 15, what is -29 + 67876?
6784c
In base 2, what is 1010100111111110001 - -1010010?
1010101000001000011
In base 2, what is -10001101101 + 101101100011?
11011110110
In base 11, what is 8404 + 611?
8a15
In base 13, what is 269122 - 25?
2690ca
In base 10, what is -11230 - -433?
-10797
In base 6, what is -10145 + -353325?
-403514
In base 7, what is -151 - -611213?
611032
In base 14, what is -1dc - 196d6?
-198d4
In base 16, what is e089f + -fe?
e07a1
In base 8, what is -2636 + 330304?
325446
In base 10, what is 0 - 269932?
-269932
In base 7, what is -205560053 + 4?
-205560046
In base 16, what is -4 - -13c8080?
13c807c
In base 3, what is 112201212021 + -11?
112201212010
In base 10, what is 0 - 7723523?
-7723523
In base 15, what is -1194 + 66b?
-a28
In base 9, what is -3862262 + 4?
-3862257
In base 4, what is -31002030010 - 1023?
-31002031033
In base 14, what is 4 + 884babc?
884bac2
In base 3, what is 11011020 - -10211221211?
11000010001
In base 14, what is 7120 + c16?
7d36
In base 2, what is 100011010011101 - 10111?
100011010000110
In base 15, what is -1b396ad - 5?
-1b396b3
In base 16, what is 21e393 - 4?
21e38f
In base 9, what is 2032660 + -3?
2032656
In base 6, what is -2140 - 1224333?
-1230513
In base 3, what is 21210211022022002 - -11?
21210211022022020
In base 13, what is -4 + -72111c?
-721123
In base 10, what is 37145 - 562?
36583
In base 7, what is -4430363 - 56?
-4430452
In base 5, what is 1124431014 - 131?
1124430333
In base 5, what is 141332042244 - -4?
141332042303
In base 3, what is -202112 - 12010212211?
-12011122100
In base 16, what is 3 + -23d1631?
-23d162e
In base 15, what is 177b97 - -2?
177b99
In base 10, what is 69 + -11202?
-11133
In base 3, what is -20100210100 + -21222?
-20101002022
In base 11, what is -158 + -1126334?
-1126491
In base 13, what is -4 - 700c92?
-700c96
In base 7, what is -116 - 24055600?
-24056016
In base 6, what is 1 - -1030512425?
1030512430
In base 7, what is -366426354 - 1?
-366426355
In base 6, what is 1205445034 + -4?
1205445030
In base 3, what is 121222 + 212222001?
220121000
In base 7, what is 351 - 3401416?
-3401035
In base 14, what is 19453a - 1?
194539
In base 12, what is -5 + -988300?
-988305
In base 11, what is 9812 - -10403?
1a115
In base 11, what is -100a - -23933?
22924
In base 14, what is 25c5466 + -5?
25c5461
In base 14, what is 3 + b00c71?
b00c74
In base 7, what is -2 + -41006215?
-41006220
In base 2, what is 111000100000100100110000010 + 11?
111000100000100100110000101
In base 13, what is 27943 - -bb1?
28824
In base 7, what is 10 - 3446211?
-3446201
In base 4, what is 200200331 + -12332?
200121333
In base 4, what is 30032320303001 + -10?
30032320302331
In base 14, what is 44 - -685574?
6855b8
In base 8, what is 60734 + -5706?
53026
In base 3, what is 221200 - 1210200?
-212000
In base 7, what is -114 - -4623414?
4623300
In base 10, what is 33528946 - 1?
33528945
In base 5, what is -133 - 3421032234?
-3421032422
In base 12, what is 30727a4a - -2?
30727a50
In base 12, what is 1 - -4219a12?
4219a13
In base 7, what is 4626503 + 45?
4626551
In base 14, what is -19c + -3cd?
-58b
In base 8, what is -3 - -465601000?
465600775
In base 16, what is 5b3531 + 3?
5b3534
In base 7, what is -256124265 - 2?
-256124300
In base 5, what is 123 + -1111200223?
-1111200100
In base 8, what is 1